{"id":3559,"date":"2019-01-22T08:46:51","date_gmt":"2019-01-22T08:46:51","guid":{"rendered":"http:\/\/regnav.hu\/?page_id=3559"},"modified":"2022-12-08T15:53:05","modified_gmt":"2022-12-08T15:53:05","slug":"letoltesek","status":"publish","type":"page","link":"https:\/\/regnav.hu\/?page_id=3559","title":{"rendered":"Let\u00f6lt\u00e9sek"},"content":{"rendered":"\n<h2 class=\"wp-block-heading\"><a href=\"https:\/\/regnav.hu\/download\/Regnavxml_1_7_6.zip\">RegNavXML 1.7.6<\/a><\/h2>\n\n\n\n<p>Mostan\u00e1ban el\u0151fordult n\u00e9h\u00e1ny eset, hogy kommunik\u00e1ci\u00f3s hiba, internetkapcsolat megszakad\u00e1s miatt megszakadt a sz\u00e1ml\u00e1k \u00e1tv\u00e9tele, \u00e9s adott sz\u00e1ml\u00e1hoz \u00edgy nem ker\u00fclt be az \u00f6sszes t\u00e9tel.<br>\nEgy plusz ellen\u0151rz\u00e9s ker\u00fclt a programba. Amikor \u00e1tveszi a sz\u00e1ml\u00e1kat, az \u00e1tv\u00e9tel ut\u00e1n ellen\u0151rzi hogy \u00e1tvette-e az \u00f6sszes t\u00e9telt. Amennyiben kommunik\u00e1ci\u00f3s hiba vagy adathiba miatt nem siker\u00fclt \u00e1tvennie a t\u00e9teleket, t\u00f6rli az \u00e1tvett adatot, \u00e9s a k\u00f6vetkez\u0151 szinkroniz\u00e1l\u00e1skor \u00fajra megk\u00eds\u00e9rli az \u00e1tv\u00e9telt.<br>\nA m\u0171veletr\u0151l log ker\u00fcl a program &#8222;errorlog&#8221; mapp\u00e1j\u00e1ba. Teend\u0151 nincs vele, a k\u00f6vetkez\u0151 adatszinkronkor a program ism\u00e9t megk\u00eds\u00e9rli az \u00e1tv\u00e9telt.<\/p>\n\n\n\n<h2 class=\"wp-block-heading\"> <br><a href=\"https:\/\/regnav.hu\/download\/Regnavxml_1_7_4.zip\">RegNavXML 1.7.4<\/a> <\/h2>\n\n\n\n<p> Jav\u00edt\u00e1s! <\/p>\n\n\n\n<p>Sajnos a NAV le\u00edr\u00e1sban a csom\u00f3pontok kezel\u00e9se nem volt egy\u00e9rtelm\u0171, \u00edgy a haszn\u00e1lat sor\u00e1n \u00fajabb hib\u00e1s \u00e1g jelentkezett.<\/p>\n\n\n\n<p>Mag\u00e1nszem\u00e9ly eset\u00e9n a program l\u00e9trehozta az \u00fcres csom\u00f3pontokat a vev\u0151adatokra, ami hib\u00e1s xsd valid\u00e1ci\u00f3t eredm\u00e9nyezett.<br>\nA bek\u00fcld\u00e9sben helyesen nem kell m\u00e1s egy\u00e9b vev\u0151adatnak szerepelnie, mint a vev\u0151 &#8222;PRIVATE PERSON&#8221; megjel\u00f6l\u00e9s\u00e9nek.<\/p>\n\n\n\n<p>Fontos, hogy a programba be\u00e9rkez\u0151 vev\u0151adat a sz\u00e1ml\u00e1z\u00f3programb\u00f3l \u00e9rkezik, ez\u00e9rt \u00fagy k\u00e9sz\u00edtett\u00fck el a programot, hogy a vev\u0151adatok nem \u00fcresek (semmilyen sz\u00e1ml\u00e1n nem szerepelhet \u00fcres vev\u0151adat). <br>A view-ban l\u00e9v\u0151 vev\u0151adatokat nem sz\u00fcks\u00e9ges m\u00f3dos\u00edtani vagy \u00fcresre v\u00e1ltoztatni, a vev\u0151adatok mag\u00e1nszem\u00e9ly eset\u00e9n is \u00e1tadhat\u00f3k a programnak eredeti form\u00e1ban. S\u0151t, ezt kifejezetten javasoljuk is, mert a Navxml programban \u00fcres vev\u0151n\u00e9v eset\u00e9n nem lesznek \u00e1ttekinthet\u0151k a bek\u00fcld\u00f6tt sz\u00e1ml\u00e1k.<br>Bek\u00fcld\u00e9skor viszont mag\u00e1nszem\u00e9ly eset\u00e9n nem szerepel vev\u0151adat az xml f\u00e1jlban, ezt a program \u00edgy k\u00e9sz\u00edti el.<\/p>\n\n\n\n<p><\/p>\n\n\n\n<h2 class=\"wp-block-heading\" id=\"mce_20\"><a href=\"https:\/\/regnav.hu\/download\/Regnavxml_1_7_3.zip\">RegNavXML 1.7.3<\/a><\/h2>\n\n\n\n<p>Jav\u00edt\u00e1s!<\/p>\n\n\n\n<p>Amennyiben a vev\u0151 belf\u00f6ldi ad\u00f3sz\u00e1m n\u00e9lk\u00fcli nem mag\u00e1nszem\u00e9ly (vev\u0151 ad\u00f3t\u00edpus=2), a program l\u00e9trehozta \u00fcresen a CustomerInfoType xml tag alatt a customerVatData csom\u00f3pontot, \u00e9s ez hib\u00e1s xml strukt\u00fara errort okozott.<br>Amennyiben az ad\u00f3sz\u00e1m \u00fcres, vagyis k\u00f6z\u00f6ss\u00e9gi ad\u00f3sz\u00e1m sincs megadva, a program nem hozza l\u00e9tre a csom\u00f3pontot.<\/p>\n\n\n\n<p>K\u00e9r\u00fcnk mindenkit, friss\u00edtse a verzi\u00f3t: csak fel\u00fcl kell \u00edrni a jelenlegi f\u00e1jlokat a let\u00f6lt\u00e9sben szerepl\u0151kkel.  <\/p>\n\n\n\n<p><br><\/p>\n\n\n\n<h2 class=\"wp-block-heading\" id=\"mce_32\"><a href=\"https:\/\/regnav.hu\/download\/Regnavxml_1_7_2.zip\">RegNavXML 1.7.2<\/a><\/h2>\n\n\n\n<p>Az other kateg\u00f3ri\u00e1s vev\u0151kn\u00e9l (belf\u00f6ldi ad\u00f3sz\u00e1m n\u00e9lk\u00fcli), de \u00e1f\u00e1s elad\u00e1sn\u00e1l nem hozott l\u00e9tre egy xml csom\u00f3pontot a program. <\/p>\n\n\n\n<p>Jav\u00edtottuk, a verzi\u00f3 tartalmazza az 1.7.1-es jav\u00edt\u00e1st is!<\/p>\n\n\n\n<p>K\u00e9r\u00fcnk mindenkit friss\u00edtse a verzi\u00f3t: csak fel\u00fcl kell \u00edrni a jelenlegi f\u00e1jlokat a let\u00f6lt\u00e9sben szerepl\u0151kkel. <\/p>\n\n\n\n<p><\/p>\n\n\n\n<h2 class=\"wp-block-heading\" id=\"mce_31\"><a href=\"https:\/\/regnav.hu\/download\/Regnavxml_1_7_1.zip\">RegNavXML 1.7.1<\/a> <\/h2>\n\n\n\n<p>A NAV fel\u00e9 el kell k\u00fcldeni az \u00e1fak\u00f3d sz\u00f6veges le\u00edr\u00e1s\u00e1t is &#8211; a dokument\u00e1ci\u00f3ban az szerepelt, k\u00fcldj\u00fck vissza, amit \u0151k hat\u00e1roztak meg.<\/p>\n\n\n\n<p>Ez azonban hib\u00e1t gener\u00e1l, mert a fogad\u00f3 mez\u0151 200 karakter hossz\u00fa, a sz\u00f6veg azonban 253.<\/p>\n\n\n\n<p>Jav\u00edtottuk, k\u00e9r\u00fcnk mindenkit friss\u00edtse a verzi\u00f3t: csak fel\u00fcl kell \u00edrni a jelenlegi f\u00e1jlokat a let\u00f6lt\u00e9sben szerepl\u0151kkel.<\/p>\n\n\n\n<p><\/p>\n\n\n\n<h2 class=\"wp-block-heading\" id=\"mce_19\"><a href=\"https:\/\/regnav.hu\/download\/Regnavxml_1_7_0.zip\">RegNavXML 1.7.0<\/a> <\/h2>\n\n\n\n<p> Elk\u00e9sz\u00edtett\u00fck a NAV 3.0 verzi\u00f3nak megfelel\u0151 DLL-jeinket. <\/p>\n\n\n\n<h4 class=\"wp-block-heading\" id=\"mce_1\">L\u00e9nyeges v\u00e1ltoz\u00e1sok:<\/h4>\n\n\n\n<p> A 3.0 s\u00e9m\u00e1ban be kell k\u00fcldeni a NAV fel\u00e9 a sz\u00e1ml\u00e1n szerepl\u0151 vev\u0151 \u00c1FA szerinti st\u00e1tusz\u00e1t is.!<br> A vev\u0151 lehet <\/p>\n\n\n\n<ul class=\"wp-block-list\"><li>mag\u00e1nszem\u00e9ly<\/li><li>belf\u00f6ldi ad\u00f3sz\u00e1mmal rendelkez\u0151 c\u00e9g<\/li><li>belf\u00f6ldi ad\u00f3sz\u00e1mmal nem rendelkez\u0151 c\u00e9g<\/li><li><\/li><\/ul>\n\n\n\n<p>A kor\u00e1bbi \u00c1TK a NAV sz\u00f3t\u00e1r\u00e1ban megv\u00e1ltozott ATK-ra. A\nprogram elfogadja a kor\u00e1bbi \u00c1TK \u00e9rt\u00e9ket is \u00e9s ATK \u00e9rt\u00e9ket is.<\/p>\n\n\n\n<p>Az elfogadott adattartalom:<\/p>\n\n\n\n<p>&#8222;AAM&#8221; Alanyi ad\u00f3mentes<\/p>\n\n\n\n<p>&#8222;TAM&#8221; T\u00e1rgyi ad\u00f3mentes<\/p>\n\n\n\n<p>&#8222;KBAET&#8221; Ad\u00f3mentes K\u00f6z\u00f6ss\u00e9gen bel\u00fcli\nterm\u00e9k\u00e9rt\u00e9kes\u00edt\u00e9s, \u00faj k\u00f6zleked\u00e9si eszk\u00f6z n\u00e9lk\u00fcl<\/p>\n\n\n\n<p>&#8222;KBAUK&#8221; Ad\u00f3mentes K\u00f6z\u00f6ss\u00e9gen bel\u00fcli \u00faj k\u00f6zleked\u00e9si\neszk\u00f6z \u00e9rt\u00e9kes\u00edt\u00e9s<\/p>\n\n\n\n<p>&#8222;EAM&#8221; Ad\u00f3mentes term\u00e9k\u00e9rt\u00e9kes\u00edt\u00e9s a K\u00f6z\u00f6ss\u00e9g\nter\u00fclet\u00e9n k\u00edv\u00fclre (term\u00e9kexport harmadik orsz\u00e1gba)<\/p>\n\n\n\n<p>&#8222;NAM&#8221; Egy\u00e9b nemzetk\u00f6zi \u00fcgyletekhez kapcsol\u00f3d\u00f3\njogc\u00edmen meg\u00e1llap\u00edtott ad\u00f3mentess\u00e9g<\/p>\n\n\n\n<p>&#8222;ATK&#8221; \u00c1fa t\u00e1rgyi hat\u00e1ly\u00e1n k\u00edv\u00fcl<\/p>\n\n\n\n<p>&#8222;EUFAD37&#8221; \u00c1fa tv. 37. \u00a7 alapj\u00e1n m\u00e1sik tag\u00e1llamban\nteljes\u00edtett, ford\u00edtottan ad\u00f3z\u00f3 \u00fcgylet<\/p>\n\n\n\n<p>&#8222;EUFADE&#8221; M\u00e1sik tag\u00e1llamban teljes\u00edtett, nem az \u00c1fa\ntv. 37. \u00a7 al\u00e1 tartoz\u00f3, ford\u00edtottan ad\u00f3z\u00f3 \u00fcgylet<\/p>\n\n\n\n<p>&#8222;FAD&#8221; Ford\u00edtottan ad\u00f3z\u00f3 \u00fcgylet<\/p>\n\n\n\n<p>A tov\u00e1bbiakat l\u00e1sd a let\u00f6lthet\u0151 dokumentumban!<\/p>\n\n\n\n<p>K\u00e9rd\u00e9s eset\u00e9n k\u00e9rem keressenek minket a support@regatta.hu c\u00edmen!<\/p>\n\n\n\n<p> A programcsomag let\u00f6lthet\u0151:  <br><a href=\"https:\/\/regnav.hu\/download\/Regnavxml_1_7_0.zip\">https:\/\/regnav.hu\/download\/Regnavxml_1_7_0.zip<\/a><\/p>\n\n\n\n<p>Dokument\u00e1ci\u00f3:<\/p>\n\n\n\n<p><a href=\"https:\/\/regnav.hu\/download\/Regnavxml_1_7_0_leiras.pdf\">https:\/\/regnav.hu\/download\/Regnavxml_1_7_0_leiras.zip<\/a><\/p>\n\n\n<p><!--EndFragment--><\/p>\n<p><\/p>\n\n\n<ul class=\"wp-block-list\"><li><\/li><\/ul>\n\n\n\n<p><\/p>\n\n\n\n<h3 class=\"wp-block-heading\" id=\"mce_1\"><a href=\"https:\/\/regnav.hu\/download\/Regnavxml_1_5_2.zip\">RegNavXML 1.5.2<\/a><\/h3>\n\n\n\n<p>Felhaszn\u00e1l\u00f3i jelz\u00e9sek \u00e9s a 2020. j\u00falius elsejei NAV \u00e1t\u00e1ll\u00e1s miatt m\u00f3dos\u00edtottunk a program n\u00e9h\u00e1ny szolg\u00e1ltat\u00e1s\u00e1n:<\/p>\n\n\n\n<ul class=\"wp-block-list\"><li>A warningk\u00e9nt jelzett 4 tizedesjegyes \u00fczenetek jav\u00edt\u00e1sa.<\/li><li>Almapp\u00e1ba teszi a logokat nem a program f\u0151mapp\u00e1j\u00e1ba<\/li><li>A program figyeli, hogy a 100 eF alatti \u00e1fatartalm\u00fa sz\u00e1ml\u00e1kat csak 2020. j\u00falius 1-t\u0151l kezd\u0151d\u0151en kell bek\u00fcldeni, \u00edgy nincs sz\u00fcks\u00e9g az id\u0151korl\u00e1t forr\u00e1s oldali (forr\u00e1sview) kezel\u00e9s\u00e9re. Ez fejleszt\u0151 koll\u00e9g\u00e1inknak ny\u00fajt k\u00f6nnyebbs\u00e9get.<\/li><\/ul>\n\n\n\n<p>A program let\u00f6lthet\u0151:  <br><a href=\"https:\/\/regnav.hu\/download\/Regnavxml_1_5_2.zip\">https:\/\/regnav.hu\/download\/Regnavxml_1_5_2.zip<\/a> <\/p>\n\n\n\n<p>\n\nK\u00e9rj\u00fck, t\u00f6lts\u00e9k le \u00e9s friss\u00edts\u00e9k a programot!\n\n<\/p>\n\n\n\n<p><a href=\"https:\/\/regnav.hu\/download\/Regnavxml_1_5_1.zip\">RegNavXML 1.5.1<\/a> <\/p>\n\n\n\n<p>1.5.1 m\u00f3dos\u00edt\u00e1sok, jav\u00edt\u00e1sok<\/p>\n\n\n\n<ol class=\"wp-block-list\"><li>Az 1.5.0 SQL update scriptben a wspath \u00e9rt\u00e9kn\u00e9l is a tesztszerver szerepelt, jav\u00edtottuk.<\/li><li>A NAV a sz\u00e1ml\u00e1k \u00e1llapot\u00e1nak visszaigazol\u00e1s\u00e1ban \u00faj \u00e1llapotot vezetett be: &#8222;SAVED&#8221; n\u00e9ven. Ez technikailag hasonl\u00f3 a &#8222;PROCESSING&#8221; \u00e1llapothoz, azzal a k\u00fcl\u00f6nbs\u00e9ggel, hogy a technikai valid\u00e1ci\u00f3n a sz\u00e1mla sikeresen \u00e1tment, de az \u00e9rdemi feldolgoz\u00e1sa m\u00e9g nem kezd\u0151d\u00f6tt meg. A st\u00e1tuszt lekezelt\u00fck a programban.<\/li><li>A kliens adatlap bet\u00f6lt\u0151d\u00e9sekor az \u00faj mez\u0151ket is kit\u00f6lti a program.<\/li><\/ol>\n\n\n\n<p> Az adatszerkezet m\u00f3dos\u00edt\u00e1sainak \u00e9letbe l\u00e9ptet\u00e9s\u00e9hez le kell futtatni a regnav adatb\u00e1zis\u00e1ra a update_1_5_1.sql scriptet! <\/p>\n\n\n\n<p><a href=\"https:\/\/regnav.hu\/download\/Regnavxml_1_5_1.zip\">Let\u00f6lt\u00e9s\ufeff<\/a><\/p>\n\n\n\n<h3 class=\"wp-block-heading\"> <br><a href=\"https:\/\/regnav.hu\/download\/Regnavxml_1_5_0.zip\">RegNavXML 1.5.0<\/a> <\/h3>\n\n\n\n<p><strong>FONTOS FRISS\u00cdT\u00c9S!<\/strong><\/p>\n\n\n\n<p>A REG-Nav \u00faj verzi\u00f3ja az \u00faj, 2.0 s\u00e9ma haszn\u00e1lat\u00e1val \u00e9s az az\n\u00faj, SHA3-512 titkos\u00edt\u00e1ssal k\u00e9sz\u00edti el a hasht, \u00e9s k\u00fcldi be a sz\u00e1ml\u00e1kat.<\/p>\n\n\n\n<p>Tov\u00e1bbi v\u00e1ltoz\u00e1sok:<\/p>\n\n\n\n<ul class=\"wp-block-list\"><li>A mennyis\u00e9g, \u00e9s egys\u00e9g\u00e1r \u00e9rt\u00e9keket (a s\u00e9m\u00e1ban\nQuantityType t\u00edpus) 4 tizedesjegy pontoss\u00e1ggal import\u00e1lja \u00e9s sz\u00e1molja.<\/li><li>A kliens adatlap b\u0151v\u00fclt tov\u00e1bbi k\u00f6telez\u0151en\nkit\u00f6ltend\u0151 mez\u0151kkel:<ul><li>program t\u00edpusa (online vagy lok\u00e1lis)<\/li><\/ul><ul><li>program verzi\u00f3ja (szabad sz\u00f6veges mez\u0151)<\/li><\/ul><ul><li>program fejleszt\u0151je (sz\u00f6veges 50 karakterig)<\/li><\/ul><ul><li>program fejleszt\u0151j\u00e9nek email el\u00e9rhet\u0151s\u00e9ge\n(sz\u00f6veges 50 karakterig)<\/li><\/ul><\/li><\/ul>\n\n\n\n<p>Amennyiben valamelyik k\u00f6telez\u0151en kit\u00f6ltend\u0151 mez\u0151 \u00fcres, \u00fagy a\nNAV nem fogadja be a sz\u00e1ml\u00e1t. Ez\u00e9rt a program, amennyiben \u00fcresen tal\u00e1lja a\nmez\u0151t, alap\u00e9rtelmez\u00e9sben teszt\u00e9rt\u00e9keket \u00edr a mez\u0151kbe, hogy a bek\u00fcldend\u0151\nsz\u00e1mlaf\u00e1jl szintaktikailag helyes legyen, \u00e9s a bek\u00fcld\u00e9s emiatt ne hi\u00fasuljon\nmeg.<\/p>\n\n\n\n<p>B\u00e1r a bek\u00fcld\u00e9s \u00edgy megval\u00f3sul (ez a kisebbik probl\u00e9ma,\nmintha nem \u00e9rkezne be a NAV-hoz), de az adatok nem helyesek, ez\u00e9rt ezeket az\nadatokat ki kell t\u00f6lteni a REG-Nav programban minden \u00fcgyf\u00e9lre!<\/p>\n\n\n\n<p>Adatb\u00e1zis m\u00f3dos\u00edt\u00e1sok a navxml adatb\u00e1zisban:<\/p>\n\n\n\n<ul class=\"wp-block-list\"><li>az \u00faj v\u00e9gpontokat be kell \u00edrni a Nav_beallitasok\nt\u00e1bla tesztwspath \u00e9s wspath mez\u0151ibe.<\/li><li>a Nav_Kliens t\u00e1bla kapott 4 \u00faj mez\u0151t<ul><li>softwareoperation nvarchar(50)<\/li><\/ul><ul><li>softwareversion nvarchar(50)<\/li><\/ul><ul><li>softwaredevname nvarchar(50)<\/li><\/ul><ul><li>softwaredevcontact nvarchar(50)<\/li><\/ul><\/li><li>Az out_tetel \u00e9s teszt_tetel t\u00e1bl\u00e1kban a\nk\u00f6vetkez\u0151 mez\u0151k 22,6 decimal-ra v\u00e1ltoztak:<ul><li>mennyiseg<\/li><\/ul><ul><li>egysegar<\/li><\/ul><ul><li>termekdijmennyiseg<\/li><\/ul><ul><li>termekmennykg<\/li><\/ul><\/li><\/ul>\n\n\n\n<p>Az adatszerkezet m\u00f3dos\u00edt\u00e1sainak \u00e9letbe l\u00e9ptet\u00e9s\u00e9hez le kell\nfuttatni a regnav adatb\u00e1zis\u00e1ra a update_1_5_0.sql scriptet!<\/p>\n\n\n\n<p><a href=\"https:\/\/regnav.hu\/download\/Regnavxml_1_5_0.zip\">Let\u00f6lt\u00e9s\ufeff<\/a><\/p>\n\n\n\n<h3 class=\"wp-block-heading\" id=\"mce_1\"><a href=\"https:\/\/regnav.hu\/download\/Regnavxml_1_4_1.zip\">RegNavXML 1.4.1<\/a><\/h3>\n\n\n\n<p><strong>FONTOS FRISS\u00cdT\u00c9S!<\/strong><\/p>\n\n\n\n<p>Kieg\u00e9sz\u00edt\u0151 m\u00f3dos\u00edt\u00e1s a null\u00e1s \u00e1fa kezel\u00e9s\u00e9hez: az xml \u00f6sszes\u00edt\u00e9s \u00e1fa-bont\u00e1sa \u00e1fa t\u00edpus szerint.<br>Csak a program v\u00e1ltozott, az adatb\u00e1zis szerkezet nem!<\/p>\n\n\n\n<p><\/p>\n\n\n\n<p><a href=\"https:\/\/regnav.hu\/download\/Regnavxml_1_4_1.zip\">Let\u00f6lt\u00e9s\ufeff<\/a><\/p>\n\n\n\n<h3 class=\"wp-block-heading\" id=\"mce_0\"><a href=\"https:\/\/regnav.hu\/download\/Regnavxml_1_4_0.zip\">RegNavXML 1.4.0<\/a><\/h3>\n\n\n\n<p><strong>FONTOS FRISS\u00cdT\u00c9S!<\/strong><\/p>\n\n\n\n<p>A programba beker\u00fclt az \u00e1famentess\u00e9g r\u00e9szletes bont\u00e1sa. <br>Az 1.1 s\u00e9m\u00e1val k\u00f6telez\u0151v\u00e9 v\u00e1lt a 0% \u00e1f\u00e1t tartalmaz\u00f3 t\u00e9telek eset\u00e9n az <strong>\u00e1famentess\u00e9g k\u00f3dj\u00e1nak megad\u00e1sa<\/strong>.<br>A friss\u00edt\u00e9s az ehhez sz\u00fcks\u00e9ges bemeneti form\u00e1tum v\u00e1ltoz\u00e1sokat tartalmazza, illetve a program \u00edgy az \u00e1famentes t\u00e9teleket tartalmaz\u00f3 sz\u00e1ml\u00e1kat az \u00faj xml verzi\u00f3 szerint helyesen tudja bek\u00fcldeni.<br>A let\u00f6lt\u00f6tt csomag a program \u00faj verzi\u00f3j\u00e1n k\u00edv\u00fcl az <strong>adatb\u00e1zis \u00e9s bemeneti view v\u00e1ltoz\u00e1sokr\u00f3l <\/strong>r\u00e9szletes le\u00edr\u00e1st \u00e9s <strong>SQL scriptet<\/strong> is tartalmaz.<\/p>\n\n\n\n<p><a href=\"https:\/\/regnav.hu\/download\/Regnavxml_1_4_0.zip\">Let\u00f6lt\u00e9s<\/a><\/p>\n\n\n\n<h3 class=\"wp-block-heading\" id=\"mce_3\"><a href=\"https:\/\/regnav.hu\/download\/Regnavxml_1_3_2.zip\">RegNavXML 1.3.2<\/a><\/h3>\n\n\n\n<p>A NAV inform\u00e1ci\u00f3i alapj\u00e1n jav\u00edtottuk, m\u00f3dos\u00edtottuk programunkat:<\/p>\n\n\n\n<ul class=\"wp-block-list\"><li>0 \u00e1f\u00e1s t\u00e9telek kezel\u00e9se az \u00faj s\u00e9m\u00e1nak megfelel\u0151en<\/li><\/ul>\n\n\n\n<p><a href=\"https:\/\/regnav.hu\/download\/Regnavxml_1_3_2.zip\">Let\u00f6lt\u00e9s<\/a><\/p>\n\n\n\n<h3 class=\"wp-block-heading\" id=\"mce_1\"><a href=\"https:\/\/regnav.hu\/download\/Regnavxml_1_3_1.zip\">RegNavXML 1.3.1<\/a><\/h3>\n\n\n\n<p>Felhaszn\u00e1l\u00f3ink jelz\u00e9sei alapj\u00e1n, elv\u00e9gezt\u00fcnk n\u00e9h\u00e1ny m\u00f3dos\u00edt\u00e1st a programon:<\/p>\n\n\n\n<ul class=\"wp-block-list\"><li>Sikertelen (ABORTED) sz\u00e1ml\u00e1t az automatikus m\u00f3d nem pr\u00f3b\u00e1lja t\u00f6bbet bek\u00fcldeni, csak k\u00e9zzel lehet (\u00edgy nem k\u00fcldi folyamatosan a hib\u00e1t).<\/li><li>Ha a h\u00e1zsz\u00e1m ut\u00e1n nincs pont, a s\u00e9ma hib\u00e1t jelzett, a program importkor kiteszi a pontot.<\/li><li>Az 1 h\u00f3napn\u00e1l r\u00e9gebbi programlogok t\u00f6rl\u0151dnek (nagyt\u00f6meg\u0171 sz\u00e1mlabek\u00fcld\u00e9s eset\u00e9n  megel\u0151zve az SQL Express maxim\u00e1lis m\u00e9ret\u00e9nek el\u00e9r\u00e9s\u00e9t).<\/li><li>Sz\u00e1mlalog t\u00e1bl\u00e1zat rendezve jelenik meg bek\u00fcld\u00e9s d\u00e1tuma szerint.<\/li><\/ul>\n\n\n\n<p>\n\nA program dokument\u00e1ci\u00f3j\u00e1t, benne az upgrade-el\u00e9s m\u00f3dj\u00e1val a .zip f\u00e1jl tartalmazza.\n\n<\/p>\n\n\n\n<p><a href=\"https:\/\/regnav.hu\/download\/Regnavxml_1_3_1.zip\">Let\u00f6lt\u00e9s\ufeff<\/a><\/p>\n\n\n\n<h3 class=\"wp-block-heading\"><a href=\"https:\/\/regnav.hu\/download\/Regnavxml_1_3_0.zip\">RegNavXML 1.3.0<\/a><\/h3>\n\n\n\n<p>A NAV \u00e1ltal el\u0151\u00edrt \u00faj XML form\u00e1tumot kezel\u0151 verzi\u00f3.<\/p>\n\n\n\n<ul class=\"wp-block-list\"><li>TLS 1.2, <\/li><li>.NET 4.5<\/li><li>Mennyis\u00e9gi egys\u00e9g kezel\u00e9s be\u00e9p\u00edtve a programba<\/li><li> Amennyiben a forr\u00e1s lek\u00e9rdez\u00e9sben nem szerepelt a term\u00e9kd\u00edj \u00fcres mez\u0151kkel, a program norm\u00e1lis m\u0171k\u00f6d\u00e9s mellett is \u00edrt errorlogot (a t\u00e1bla mez\u0151i hi\u00e1nyoznak). Ez jav\u00edt\u00e1sra ker\u00fclt.<\/li><li>A program lej\u00e1rt licenc eset\u00e9n is megjelen\u00edti a sz\u00e1ml\u00e1kat, de nem k\u00fcldi be azokat. Lej\u00e1rt licencre a program indul\u00e1skor felh\u00edvja a figyelmet egy popup ablakban. <\/li><li>Amik ellen\u0151rizend\u0151k a forr\u00e1s adatokban:<ul><li>a sz\u00e1mlafejben k\u00f6telez\u0151 az \u00e1rfolyam megad\u00e1sa (amennyiben a p\u00e9nznem HUF, \u00fagy maradhat \u00fcres mert a program automatikusan kit\u00f6lti 1-re)<\/li><li>minden sz\u00e1mlasorban ki kell t\u00f6lteni a term\u00e9k vagy szolg\u00e1ltat\u00e1s megnevez\u00e9s\u00e9t, mennyis\u00e9g\u00e9t, mennyis\u00e9gi egys\u00e9g\u00e9t, egys\u00e9g\u00e1r\u00e1t<\/li><li>a mennyis\u00e9gi egys\u00e9g megad\u00e1sa sz\u00f3t\u00e1r t\u00edpusra v\u00e1ltozott<\/li><\/ul><\/li><\/ul>\n\n\n\n<p>A program dokument\u00e1ci\u00f3j\u00e1t, benne az upgrade-el\u00e9s m\u00f3dj\u00e1val a .zip f\u00e1jl tartalmazza.<\/p>\n\n\n\n<p><a href=\"https:\/\/regnav.hu\/download\/Regnavxml_1_3_0.zip\">Let\u00f6lt\u00e9s<\/a><\/p>\n\n\n\n<h3 class=\"wp-block-heading\">RegNavXML 1.2.2<\/h3>\n\n\n\n<p>Hibajav\u00edt\u00e1sokat tartalmaz.<\/p>\n\n\n\n<ul class=\"wp-block-list\"><li>Id\u0151z\u00edt\u0151 \u00e1t\u00e1ll\u00edt\u00e1sakor t\u00fal gyakori friss\u00edt\u00e9si intervallumot \u00e1ll\u00edtott be<\/li><li>A term\u00e9kd\u00edjjal kapcsolatos mez\u0151k sql lek\u00e9rdez\u00e9se a kor\u00e1bbi verzi\u00f3b\u00f3l kimaradt<\/li><li>Kezeli a nav \u00e1ltal dupla bek\u00fcld\u00e9snek jelzett \u00fczenetet<\/li><\/ul>\n\n\n\n<p><a href=\"https:\/\/regnav.hu\/download\/Regnavxml_1_2_2.zip\">Let\u00f6lt\u00e9s<\/a><\/p>\n\n\n\n<h3 class=\"wp-block-heading\">RegNavXML 1.2.0. le\u00edr\u00e1s (pdf)<\/h3>\n\n\n\n<p> A RegNavXml program utols\u00f3 verzi\u00f3r\u00f3l az \u00fajra friss\u00edt\u00e9s\u00e9nek le\u00edr\u00e1sa. <\/p>\n\n\n\n<p><a href=\"https:\/\/regnav.hu\/download\/Regnavxml_1_2_0_leiras.pdf\">Let\u00f6lt\u00e9s<\/a><\/p>\n\n\n\n<h3 class=\"wp-block-heading\" id=\"mce_9\">RegNavXML le\u00edr\u00e1s (pdf)<\/h3>\n\n\n\n<p> A RegNavXml program  le\u00edr\u00e1sa.  <\/p>\n\n\n\n<p><a href=\"https:\/\/regnav.hu\/download\/Regnavxml_1_1_5_leiras.pdf\">Let\u00f6lt\u00e9s<\/a><\/p>\n","protected":false},"excerpt":{"rendered":"<p>RegNavXML 1.7.6 Mostan\u00e1ban el\u0151fordult n\u00e9h\u00e1ny eset, hogy kommunik\u00e1ci\u00f3s hiba, internetkapcsolat megszakad\u00e1s miatt megszakadt a sz\u00e1ml\u00e1k \u00e1tv\u00e9tele, \u00e9s adott sz\u00e1ml\u00e1hoz \u00edgy nem ker\u00fclt be az \u00f6sszes t\u00e9tel. Egy plusz ellen\u0151rz\u00e9s ker\u00fclt a programba. Amikor \u00e1tveszi a sz\u00e1ml\u00e1kat, az \u00e1tv\u00e9tel ut\u00e1n ellen\u0151rzi hogy \u00e1tvette-e az \u00f6sszes t\u00e9telt. Amennyiben kommunik\u00e1ci\u00f3s hiba vagy adathiba miatt nem siker\u00fclt \u00e1tvennie a t\u00e9teleket, t\u00f6rli az \u00e1tvett adatot, \u00e9s a k\u00f6vetkez\u0151 szinkroniz\u00e1l\u00e1skor \u00fajra megk\u00eds\u00e9rli az \u00e1tv\u00e9telt. A m\u0171veletr\u0151l log ker\u00fcl a program &#8222;errorlog&#8221; mapp\u00e1j\u00e1ba. Teend\u0151 nincs vele, a&hellip;<\/p>\n","protected":false},"author":1,"featured_media":0,"parent":0,"menu_order":0,"comment_status":"closed","ping_status":"closed","template":"","meta":{"footnotes":""},"class_list":["post-3559","page","type-page","status-publish","hentry"],"_links":{"self":[{"href":"https:\/\/regnav.hu\/index.php?rest_route=\/wp\/v2\/pages\/3559","targetHints":{"allow":["GET"]}}],"collection":[{"href":"https:\/\/regnav.hu\/index.php?rest_route=\/wp\/v2\/pages"}],"about":[{"href":"https:\/\/regnav.hu\/index.php?rest_route=\/wp\/v2\/types\/page"}],"author":[{"embeddable":true,"href":"https:\/\/regnav.hu\/index.php?rest_route=\/wp\/v2\/users\/1"}],"replies":[{"embeddable":true,"href":"https:\/\/regnav.hu\/index.php?rest_route=%2Fwp%2Fv2%2Fcomments&post=3559"}],"version-history":[{"count":25,"href":"https:\/\/regnav.hu\/index.php?rest_route=\/wp\/v2\/pages\/3559\/revisions"}],"predecessor-version":[{"id":3680,"href":"https:\/\/regnav.hu\/index.php?rest_route=\/wp\/v2\/pages\/3559\/revisions\/3680"}],"wp:attachment":[{"href":"https:\/\/regnav.hu\/index.php?rest_route=%2Fwp%2Fv2%2Fmedia&parent=3559"}],"curies":[{"name":"wp","href":"https:\/\/api.w.org\/{rel}","templated":true}]}}